0?
88
What is the remainder when 103 is divided by 52?
51
What is the remainder when 954 is divided by 33?
30
What is the remainder when 159 is divided by 32?
31
Calculate the remainder when 7555 is divided by 2517.
4
Calculate the remainder when 567 is divided by 110.
17
Calculate the remainder when 66 is divided by 64.
2
Calculate the remainder when 618 is divided by 57.
48
What is the remainder when 182 is divided by 79?
24
Calculate the remainder when 72 is divided by 31.
10
Calculate the remainder when 340 is divided by 14.
4
Calculate the remainder when 92 is divided by 35.
22
Calculate the remainder when 137 is divided by 68.
1
What is the remainder when 36 is divided by 29?
7
What is the remainder when 124 is divided by 75?
49
Calculate the remainder when 333 is divided by 7.
4
Calculate the remainder when 337 is divided by 330.
7
Calculate the remainder when 85 is divided by 6.
1
Calculate the remainder when 352 is divided by 36.
28
Calculate the remainder when 1957 is divided by 482.
29
Calculate the remainder when 241 is divided by 48.
1
Calculate the remainder when 154 is divided by 12.
10
Calculate the remainder when 3710 is divided by 29.
27
What is the remainder when 160 is divided by 62?
36
What is the remainder when 167 is divided by 72?
23
Calculate the remainder when 1424 is divided by 709.
6
Calculate the remainder when 54 is divided by 37.
17
Calculate the remainder when 102 is divided by 46.
10
Calculate the remainder when 385 is divided by 33.
22
Calculate the remainder when 4282 is divided by 68.
66
What is the remainder when 286 is divided by 18?
16
Calculate the remainder when 195 is divided by 9.
6
What is the remainder when 120 is divided by 77?
43
Calculate the remainder when 5517 is divided by 184.
181
Calculate the remainder when 774 is divided by 77.
4
What is the remainder when 14091 is divided by 243?
240
What is the remainder when 2608 is divided by 844?
76
What is the remainder when 146 is divided by 66?
14
What is the remainder when 40 is divided by 23?
17
Calculate the remainder when 804 is divided by 26.
24
Calculate the remainder when 123 is divided by 54.
15
Calculate the remainder when 4962 is divided by 34.
32
What is the remainder when 170 is divided by 29?
25
What is the remainder when 98 is divided by 33?
32
Calculate the remainder when 11309 is divided by 202.
199
Calculate the remainder when 1028 is divided by 57.
2
Calculate the remainder when 857 is divided by 173.
165
What is the remainder when 4710 is divided by 38?
36
Calculate the remainder when 987 is divided by 21.
0
Calculate the remainder when 328 is divided by 21.
13
Calculate the remainder when 1664 is divided by 152.
144
What is the remainder when 28 is divided by 15?
13
Calculate the remainder when 2013 is divided by 56.
53
Calculate the remainder when 235 is divided by 116.
3
Calculate the remainder when 8057 is divided by 12.
5
What is the remainder when 211 is divided by 69?
4
Calculate the remainder when 4162 is divided by 23.
22
What is the remainder when 338 is divided by 150?
38
Calculate the remainder when 420 is divided by 156.
108
What is the remainder when 525 is divided by 174?
3
Calculate the remainder when 1206 is divided by 301.
2
Calculate the remainder when 151 is divided by 38.
37
Calculate the remainder when 1608 is divided by 46.
44
What is the remainder when 258 is divided by 33?
27
Calculate the remainder when 283 is divided by 11.
8
Calculate the remainder when 284 is divided by 13.
11
Calculate the remainder when 49 is divided by 26.
23
What is the remainder when 256 is divided by 37?
34
What is the remainder when 3848 is divided by 19?
10
What is the remainder when 775 is divided by 37?
35
What is the remainder when 181 is divided by 92?
89
Calculate the remainder when 138 is divided by 21.
12
Calculate the remainder when 243 is divided by 40.
3
Calculate the remainder when 4161 is divided by 139.
130
What is the remainder when 334 is divided by 21?
19
Calculate the remainder when 2723 is divided by 101.
97
Calculate the remainder when 17 is divided by 13.
4
What is the remainder when 1031 is divided by 22?
19
Calculate the remainder when 224 is divided by 70.
14
Calculate the remainder when 504 is divided by 196.
112
What is the remainder when 226 is divided by 59?
49
Calculate the remainder when 1949 is divided by 30.
29
Calculate the remainder when 256 is divided by 8.
0
What is the remainder when 1648 is divided by 167?
145
What is the remainder when 36 is divided by 29?
7
Calculate the remainder when 37 is divided by 20.
17
What is the remainder when 515 is divided by 12?
11
Calculate the remainder when 126 is divided by 117.
9
What is the remainder when 3959 is divided by 12?
11
Calculate the remainder when 217 is divided by 125.
92
What is the remainder when 445 is divided by 16?
13
What is the remainder when 3229 is divided by 644?
9
Calculate the remainder when 445 is divided by 50.
45
What is the remainder when 239 is divided by 7?
1
What is the remainder when 111 is divided by 7?
6
Calculate the remainder when 131 is divided by 58.
15
What is the remainder when 21 is divided by 15?
6
Calculate the remainder when 2545 is divided by 49.
46
What is the remainder when 12615 is divided by 332?
331
Calculate the remainder when 167 is divided by 15.
2
Calculate the remainder when 264 is divided by 68.
60
Calculate the remainder when 31 is divided by 21.
10
What is the remainder when 27 is divided by 6?
3
What is the remainder when 37 is divided by 14?
9
What is the remainder when 399 is divided by 17?
8
What is the remainder when 8659 is divided by 71?
68
Calculate the remainder when 971 is divided by 193.
6
Calculate the remainder when 718 is divided by 45.
43
What is the remainder when 955 is divided by 96?
91
What is the remainder when 118 is divided by 32?
22
Calculate the remainder when 852 is divided by 247.
111
Calculate the remainder when 1622 is divided by 117.
101
Calculate the remainder when 57 is divided by 38.
19
What is the remainder when 32 is divided by 3?
2
Calculate the remainder when 342 is divided by 235.
107
What is the remainder when 967 is divided by 22?
21
Calculate the remainder when 267 is divided by 11.
3
Calculate the remainder when 3478 is divided by 30.
28
Calculate the remainder when 113 is divided by 39.
35
Calculate the remainder when 906 is divided by 37.
18
Calculate the remainder when 390 is divided by 139.
112
What is the remainder when 934 is divided by 12?
10
What is the remainder when 26 is divided by 8?
2
Calculate the remainder when 1067 is divided by 64.
43
What is the remainder when 550 is divided by 112?
102
What is the remainder when 170 is divided by 22?
16
What is the remainder when 917 is divided by 23?
20
What is the remainder when 544 is divided by 13?
11
Calculate the remainder when 347 is divided by 50.
47
What is the remainder when 267 is divided by 18?
15
What is the remainder when 1237 is divided by 83?
75
What is the remainder when 214 is divided by 8?
6
Calculate the remainder when 166 is divided by 85.
81
What is the remainder when 3469 is divided by 39?
37
What is the remainder when 844 is divided by 37?
30
Calculate the remainder when 8480 is divided by 303.
299
What is the remainder when 1849 is divided by 74?
73
Calculate the remainder when 79 is divided by 16.
15
What is the remainder when 67 is divided by 41?
26
Calculate the remainder when 5205 is divided by 14.
11
Calculate the remainder when 32 is divided by 28.
4
Calculate the remainder when 149 is divided by 35.
9
What is the remainder when 6689 is divided by 21?
11
Calculate the remainder when 4645 is divided by 1548.
1
Calculate the remainder when 840 is divided by 276.
12
What is the remainder when 97 is divided by 10?
7
Calculate the remainder when 3824 is divided by 75.
74
What is the remainder when 33 is divided by 29?
4
What is the remainder when 89 is divided by 53?
36
What is the remainder when 179 is divided by 86?
7
Calculate the remainder when 1119 is divided by 41.
12
Calculate the remainder when 283 is divided by 13.
10
Calculate the remainder when 3747 is divided by 23.
21
What is the remainder when 925 is divided by 116?
113
What is the remainder when 786 is divide